[INFO] fetching crate holochain_roles 0.1.7...
[INFO] checking holochain_roles-0.1.7 against try#72f88fc4e9458f89516a0b8b0868f3718aec5b47 for pr-74989
[INFO] extracting crate holochain_roles 0.1.7 into /workspace/builds/worker-4/source
[INFO] validating manifest of crates.io crate holochain_roles 0.1.7 on toolchain 72f88fc4e9458f89516a0b8b0868f3718aec5b47
[INFO] running `Command { std: "/workspace/cargo-home/bin/cargo" "+72f88fc4e9458f89516a0b8b0868f3718aec5b47" "read-manifest" "--manifest-path" "Cargo.toml", kill_on_drop: false }`
[INFO] started tweaking crates.io crate holochain_roles 0.1.7
[INFO] finished tweaking crates.io crate holochain_roles 0.1.7
[INFO] tweaked toml for crates.io crate holochain_roles 0.1.7 written to /workspace/builds/worker-4/source/Cargo.toml
[INFO] running `Command { std: "/workspace/cargo-home/bin/cargo" "+72f88fc4e9458f89516a0b8b0868f3718aec5b47" "generate-lockfile" "--manifest-path" "Cargo.toml" "-Zno-index-update", kill_on_drop: false }`
[INFO] running `Command { std: "/workspace/cargo-home/bin/cargo" "+72f88fc4e9458f89516a0b8b0868f3718aec5b47" "fetch" "--locked" "--manifest-path" "Cargo.toml", kill_on_drop: false }`
[INFO] [stderr]  Downloading crates ...
[INFO] [stderr]   Downloaded holochain_json_derive v0.0.17
[INFO] [stderr]   Downloaded holochain_json_api v0.0.17
[INFO] [stderr]   Downloaded holochain_persistence_api v0.0.11
[INFO] [stderr]   Downloaded holochain_logging v0.0.4
[INFO] [stderr]   Downloaded hdk_proc_macros v0.0.42-alpha3
[INFO] [stderr]   Downloaded holochain_json_derive v0.0.15
[INFO] [stderr]   Downloaded hdk v0.0.42-alpha3
[INFO] [stderr]   Downloaded lib3h_crypto_api v0.0.25
[INFO] [stderr]   Downloaded holochain_locksmith v0.0.42-alpha3
[INFO] [stderr]   Downloaded holochain_wasm_utils v0.0.42-alpha3
[INFO] [stderr]   Downloaded holochain_anchors v0.2.1
[INFO] [stderr]   Downloaded holochain_core_types v0.0.42-alpha3
[INFO] running `Command { std: "docker" "create" "-v" "/var/lib/crater-agent-workspace/builds/worker-4/target:/opt/rustwide/target:rw,Z" "-v" "/var/lib/crater-agent-workspace/builds/worker-4/source:/opt/rustwide/workdir:ro,Z" "-v" "/var/lib/crater-agent-workspace/cargo-home:/opt/rustwide/cargo-home:ro,Z" "-v" "/var/lib/crater-agent-workspace/rustup-home:/opt/rustwide/rustup-home:ro,Z" "-e" "SOURCE_DIR=/opt/rustwide/workdir" "-e" "CARGO_TARGET_DIR=/opt/rustwide/target" "-e" "CARGO_HOME=/opt/rustwide/cargo-home" "-e" "RUSTUP_HOME=/opt/rustwide/rustup-home" "-w" "/opt/rustwide/workdir" "-m" "1610612736" "--user" "0:0" "--network" "none" "rustops/crates-build-env@sha256:d92eaeed33fa75130ca1ee6c8a01d1ffb62bac859dfdfb3450e3e5d1c0146529" "/opt/rustwide/cargo-home/bin/cargo" "+72f88fc4e9458f89516a0b8b0868f3718aec5b47" "metadata" "--no-deps" "--format-version=1", kill_on_drop: false }`
[INFO] [stderr] WARNING: Your kernel does not support swap limit capabilities or the cgroup is not mounted. Memory limited without swap.
[INFO] [stdout] fd819f016aa91ad880dd13b91306cd267129172a9af156ab567c318119cc53b1
[INFO] running `Command { std: "docker" "start" "-a" "fd819f016aa91ad880dd13b91306cd267129172a9af156ab567c318119cc53b1", kill_on_drop: false }`
[INFO] running `Command { std: "docker" "inspect" "fd819f016aa91ad880dd13b91306cd267129172a9af156ab567c318119cc53b1", kill_on_drop: false }`
[INFO] running `Command { std: "docker" "rm" "-f" "fd819f016aa91ad880dd13b91306cd267129172a9af156ab567c318119cc53b1", kill_on_drop: false }`
[INFO] [stdout] fd819f016aa91ad880dd13b91306cd267129172a9af156ab567c318119cc53b1
[INFO] running `Command { std: "docker" "create" "-v" "/var/lib/crater-agent-workspace/builds/worker-4/target:/opt/rustwide/target:rw,Z" "-v" "/var/lib/crater-agent-workspace/builds/worker-4/source:/opt/rustwide/workdir:ro,Z" "-v" "/var/lib/crater-agent-workspace/cargo-home:/opt/rustwide/cargo-home:ro,Z" "-v" "/var/lib/crater-agent-workspace/rustup-home:/opt/rustwide/rustup-home:ro,Z" "-e" "SOURCE_DIR=/opt/rustwide/workdir" "-e" "CARGO_TARGET_DIR=/opt/rustwide/target" "-e" "CARGO_INCREMENTAL=0" "-e" "RUST_BACKTRACE=full" "-e" "RUSTFLAGS=--cap-lints=forbid" "-e" "CARGO_HOME=/opt/rustwide/cargo-home" "-e" "RUSTUP_HOME=/opt/rustwide/rustup-home" "-w" "/opt/rustwide/workdir" "-m" "1610612736" "--user" "0:0" "--network" "none" "rustops/crates-build-env@sha256:d92eaeed33fa75130ca1ee6c8a01d1ffb62bac859dfdfb3450e3e5d1c0146529" "/opt/rustwide/cargo-home/bin/cargo" "+72f88fc4e9458f89516a0b8b0868f3718aec5b47" "check" "--frozen" "--all" "--all-targets" "--message-format=json", kill_on_drop: false }`
[INFO] [stdout] 2481f697fa6bbbead8c723c56e975f2437ffdd83649d6a7cbb3a8ae5eedb5dd3
[INFO] [stderr] WARNING: Your kernel does not support swap limit capabilities or the cgroup is not mounted. Memory limited without swap.
[INFO] running `Command { std: "docker" "start" "-a" "2481f697fa6bbbead8c723c56e975f2437ffdd83649d6a7cbb3a8ae5eedb5dd3", kill_on_drop: false }`
[INFO] [stderr]    Compiling serde v1.0.89
[INFO] [stderr]    Compiling proc-macro2 v0.4.27
[INFO] [stderr]    Compiling syn v0.15.31
[INFO] [stderr]    Compiling ryu v0.2.8
[INFO] [stderr]    Compiling itoa v0.4.6
[INFO] [stderr]     Checking lazy_static v1.2.0
[INFO] [stderr]    Compiling holochain_json_api v0.0.17
[INFO] [stderr]    Compiling bitflags v1.0.4
[INFO] [stderr]    Compiling slab v0.4.2
[INFO] [stderr]    Compiling pin-utils v0.1.0
[INFO] [stderr]    Compiling futures-core-preview v0.3.0-alpha.17
[INFO] [stderr]    Compiling holochain_persistence_api v0.0.11
[INFO] [stderr]    Compiling arrayref v0.3.5
[INFO] [stderr]    Compiling futures-io-preview v0.3.0-alpha.17
[INFO] [stderr]    Compiling byte-tools v0.2.0
[INFO] [stderr]    Compiling regex-syntax v0.6.18
[INFO] [stderr]    Compiling futures-core v0.3.5
[INFO] [stderr]    Compiling once_cell v1.4.1
[INFO] [stderr]    Compiling futures-sink v0.3.5
[INFO] [stderr]    Compiling sha1 v0.5.0
[INFO] [stderr]    Compiling futures-io v0.3.5
[INFO] [stderr]    Compiling scopeguard v1.1.0
[INFO] [stderr]    Compiling reed-solomon v0.2.1
[INFO] [stderr]    Compiling objekt v0.1.2
[INFO] [stderr]    Compiling snowflake v1.3.0
[INFO] [stderr]    Compiling memory_units v0.3.0
[INFO] [stderr]     Checking matches v0.1.8
[INFO] [stderr]    Compiling tinyvec v0.3.4
[INFO] [stderr]    Compiling quick-error v1.2.3
[INFO] [stderr]     Checking termcolor v1.1.0
[INFO] [stderr]    Compiling difference v2.0.0
[INFO] [stderr]    Compiling percent-encoding v2.1.0
[INFO] [stderr]    Compiling rand_core v0.3.1
[INFO] [stderr]     Checking thread_local v0.3.6
[INFO] [stderr]     Checking crossbeam-utils v0.6.6
[INFO] [stderr]     Checking colored v1.7.0
[INFO] [stderr]    Compiling block-buffer v0.3.3
[INFO] [stderr]    Compiling futures-sink-preview v0.3.0-alpha.17
[INFO] [stderr]    Compiling futures-channel v0.3.5
[INFO] [stderr]    Compiling futures-task v0.3.5
[INFO] [stderr]    Compiling lock_api v0.3.4
[INFO] [stderr]     Checking unicode-bidi v0.3.4
[INFO] [stderr]     Checking pretty_assertions v0.6.1
[INFO] [stderr]    Compiling typenum v1.12.0
[INFO] [stderr]    Compiling maybe-uninit v2.0.0
[INFO] [stderr]    Compiling proc-macro-nested v0.1.6
[INFO] [stderr]    Compiling byteorder v1.3.4
[INFO] [stderr]    Compiling crunchy v0.2.2
[INFO] [stderr]    Compiling humantime v1.3.0
[INFO] [stderr]    Compiling hcid v0.0.6
[INFO] [stderr]    Compiling futures-channel-preview v0.3.0-alpha.17
[INFO] [stderr]     Checking unicode-normalization v0.1.13
[INFO] [stderr]    Compiling num_cpus v1.13.0
[INFO] [stderr]    Compiling getrandom v0.1.15
[INFO] [stderr]    Compiling rand v0.5.6
[INFO] [stderr]    Compiling atty v0.2.14
[INFO] [stderr]    Compiling smallvec v0.6.13
[INFO] [stderr]    Compiling backtrace-sys v0.1.37
[INFO] [stderr]    Compiling tiny-keccak v1.5.0
[INFO] [stderr]    Compiling futures-util-preview v0.3.0-alpha.17
[INFO] [stderr]    Compiling base64 v0.10.1
[INFO] [stderr]    Compiling parity-wasm v0.31.3
[INFO] [stderr]    Compiling num-complex v0.3.0
[INFO] [stderr]     Checking regex v1.1.2
[INFO] [stderr]    Compiling syn v1.0.40
[INFO] [stderr]     Checking crossbeam-channel v0.3.8
[INFO] [stderr]    Compiling shrinkwraprs v0.2.1
[INFO] [stderr]    Compiling backtrace v0.3.27
[INFO] [stderr]    Compiling rand_core v0.5.1
[INFO] [stderr]    Compiling num-bigint v0.3.0
[INFO] [stderr]    Compiling num-iter v0.1.41
[INFO] [stderr]    Compiling generic-array v0.9.0
[INFO] [stderr]    Compiling parking_lot_core v0.6.2
[INFO] [stderr]    Compiling quote v0.6.11
[INFO] [stderr]     Checking idna v0.2.0
[INFO] [stderr]    Compiling holochain_core_types v0.0.42-alpha3
[INFO] [stderr]    Compiling rand_chacha v0.2.2
[INFO] [stderr]    Compiling uuid v0.7.1
[INFO] [stderr]    Compiling mashup-impl v0.1.12
[INFO] [stderr]    Compiling digest v0.7.6
[INFO] [stderr]    Compiling parking_lot v0.9.0
[INFO] [stderr]    Compiling rand v0.7.3
[INFO] [stderr]    Compiling sha2 v0.7.1
[INFO] [stderr]     Checking url v2.1.0
[INFO] [stderr]    Compiling wasmi v0.4.4
[INFO] [stderr]    Compiling futures-executor-preview v0.3.0-alpha.17
[INFO] [stderr]    Compiling num-rational v0.3.0
[INFO] [stderr]    Compiling multihash v0.8.0
[INFO] [stderr]    Compiling mashup v0.1.12
[INFO] [stderr]    Compiling futures-preview v0.3.0-alpha.17
[INFO] [stderr]    Compiling num v0.3.0
[INFO] [stderr]    Compiling rust-base58 v0.0.4
[INFO] [stderr]     Checking log v0.4.8
[INFO] [stderr]     Checking serde_json v1.0.39
[INFO] [stderr]     Checking toml v0.5.0
[INFO] [stderr]     Checking holochain_locksmith v0.0.42-alpha3
[INFO] [stderr]     Checking env_logger v0.6.1
[INFO] [stderr]    Compiling pin-project-internal v0.4.23
[INFO] [stderr]    Compiling futures-macro v0.3.5
[INFO] [stderr]    Compiling synstructure v0.10.2
[INFO] [stderr]     Checking pin-project v0.4.23
[INFO] [stderr]     Checking futures-util v0.3.5
[INFO] [stderr]    Compiling serde_derive v1.0.89
[INFO] [stderr]    Compiling zeroize_derive v0.9.3
[INFO] [stderr]    Compiling holochain_json_derive v0.0.17
[INFO] [stderr]    Compiling holochain_json_derive v0.0.15
[INFO] [stderr]     Checking zeroize v0.9.2
[INFO] [stderr]    Compiling futures-executor v0.3.5
[INFO] [stderr]     Checking futures v0.3.1
[INFO] [stdout] error[E0433]: failed to resolve: could not find `document_join_macro` in `futures_util`
[INFO] [stdout]    --> /opt/rustwide/cargo-home/registry/src/github.com-1ecc6299db9ec823/futures-0.3.1/src/lib.rs:504:15
[INFO] [stdout]     |
[INFO] [stdout] 504 | futures_util::document_join_macro! {
[INFO] [stdout]     |               ^^^^^^^^^^^^^^^^^^^ could not find `document_join_macro` in `futures_util`
[INFO] [stdout] 
[INFO] [stdout] 
[INFO] [stdout] error[E0433]: failed to resolve: could not find `document_select_macro` in `futures_util`
[INFO] [stdout]    --> /opt/rustwide/cargo-home/registry/src/github.com-1ecc6299db9ec823/futures-0.3.1/src/lib.rs:528:15
[INFO] [stdout]     |
[INFO] [stdout] 528 | futures_util::document_select_macro! {
[INFO] [stdout]     |               ^^^^^^^^^^^^^^^^^^^^^ could not find `document_select_macro` in `futures_util`
[INFO] [stdout] 
[INFO] [stdout] 
[INFO] [stdout] error: aborting due to 2 previous errors
[INFO] [stdout] 
[INFO] [stdout] 
[INFO] [stdout] For more information about this error, try `rustc --explain E0433`.
[INFO] [stdout] 
[INFO] [stderr] error: could not compile `futures`.
[INFO] [stderr] 
[INFO] [stderr] To learn more, run the command again with --verbose.
[INFO] [stderr] warning: build failed, waiting for other jobs to finish...
[INFO] [stdout] error[E0433]: failed to resolve: could not find `document_join_macro` in `futures_util`
[INFO] [stdout]    --> /opt/rustwide/cargo-home/registry/src/github.com-1ecc6299db9ec823/futures-0.3.1/src/lib.rs:504:15
[INFO] [stdout]     |
[INFO] [stdout] 504 | futures_util::document_join_macro! {
[INFO] [stdout]     |               ^^^^^^^^^^^^^^^^^^^ could not find `document_join_macro` in `futures_util`
[INFO] [stdout] 
[INFO] [stdout] 
[INFO] [stdout] error[E0433]: failed to resolve: could not find `document_select_macro` in `futures_util`
[INFO] [stdout]    --> /opt/rustwide/cargo-home/registry/src/github.com-1ecc6299db9ec823/futures-0.3.1/src/lib.rs:528:15
[INFO] [stdout]     |
[INFO] [stdout] 528 | futures_util::document_select_macro! {
[INFO] [stdout]     |               ^^^^^^^^^^^^^^^^^^^^^ could not find `document_select_macro` in `futures_util`
[INFO] [stdout] 
[INFO] [stdout] 
[INFO] [stdout] error: aborting due to 2 previous errors
[INFO] [stdout] 
[INFO] [stdout] 
[INFO] [stdout] For more information about this error, try `rustc --explain E0433`.
[INFO] [stdout] 
[INFO] [stderr] error: build failed
[INFO] running `Command { std: "docker" "inspect" "2481f697fa6bbbead8c723c56e975f2437ffdd83649d6a7cbb3a8ae5eedb5dd3", kill_on_drop: false }`
[INFO] running `Command { std: "docker" "rm" "-f" "2481f697fa6bbbead8c723c56e975f2437ffdd83649d6a7cbb3a8ae5eedb5dd3", kill_on_drop: false }`
[INFO] [stdout] 2481f697fa6bbbead8c723c56e975f2437ffdd83649d6a7cbb3a8ae5eedb5dd3
